{"id":3,"date":"2019-03-07T15:04:55","date_gmt":"2019-03-07T14:04:55","guid":{"rendered":"http:\/\/ruder-lenningen.de\/?page_id=3"},"modified":"2025-02-07T13:43:44","modified_gmt":"2025-02-07T12:43:44","slug":"datenschutzerklaerung","status":"publish","type":"page","link":"https:\/\/ruder-lenningen.de\/?page_id=3","title":{"rendered":"Datenschutzerkl\u00e4rung"},"content":{"rendered":"\n<h3 class=\"wp-block-heading\">Die Adresse unserer Website ist: https:\/\/www.ruder-lenningen.de<\/h3>\n\n\n\n<h6 class=\"wp-block-heading\">Informationen \u00fcber die Verarbeitung Ihrer Daten gem\u00e4\u00df Art. 13 der Datenschutz-Grundverordnung (DS-GVO) 1. Verantwortlicher und Datenschutzbeauftragter: Verantwortlich f\u00fcr diese Website ist Viktor Ruder, Kirchheimer Str. 98, 73252 Unterlenningen, Telefon: 0173\/6627191, E-Mail: info@ruder-lenningen.de<br><\/h6>\n\n\n\n<p><strong>Cookies<\/strong><\/p>\n\n\n\n<p>Unsere Website verwendet Cookies. Das sind kleine Textdateien, die dein Webbrowser auf deinem Endger\u00e4t speichert. Cookies helfen uns dabei, unser Angebot nutzerfreundlicher, effektiver und sicherer zu machen.<\/p>\n\n\n\n<p>Einige Cookies sind \u201cSession-Cookies.\u201d Solche Cookies werden nach Ende deiner Browser-Sitzung von selbst gel\u00f6scht. Hingegen bleiben andere Cookies auf deinem Endger\u00e4t bestehen, bis du diese selbst l\u00f6schen. Solche Cookies helfen uns, dich bei R\u00fcckkehr auf<br>unserer Website wiederzuerkennen.<\/p>\n\n\n\n<p>Mit einem modernen Webbrowser kannst du das Setzen von Cookies \u00fcberwachen, einschr\u00e4nken oder unterbinden. Viele Webbrowser lassen sich so konfigurieren, dass Cookies mit dem Schlie\u00dfen des Programms von selbst gel\u00f6scht werden. Die Deaktivierung von Cookies kann eine eingeschr\u00e4nkte Funktionalit\u00e4t unserer Website zur Folge haben.<\/p>\n\n\n\n<p>Das Setzen von Cookies, die zur Aus\u00fcbung elektronischer Kommunikationsvorg\u00e4nge oder der Bereitstellung bestimmter, von Ihnen erw\u00fcnschter Funktionen (z.B. Warenkorb) notwendig sind, erfolgt auf Grundlage von Art. 6 Abs. 1 lit. f DSGVO. Als Betreiber dieser<br>Website haben wir ein berechtigtes Interesse an der Speicherung von Cookies zur technisch fehlerfreien und reibungslosen Bereitstellung unserer Dienste. Sofern die Setzung anderer Cookies (z.B. f\u00fcr Analyse-Funktionen) erfolgt, werden diese in dieser<br>Datenschutzerkl\u00e4rung separat behandelt.<\/p>\n\n\n\n<p><strong>Google Analytics<\/strong><\/p>\n\n\n\n<p>Unsere Website verwendet Funktionen des Webanalysedienstes Google Analytics. Anbieter des Webanalysedienstes ist die Google Inc., 1600 Amphitheatre Parkway, Mountain View, CA 94043, USA.<\/p>\n\n\n\n<p>Google Analytics verwendet \u201cCookies.\u201d Das sind kleine Textdateien, die dein Webbrowser auf deinem Endger\u00e4t speichert und eine Analyse der Website-Benutzung erm\u00f6glichen. Mittels Cookie erzeugte Informationen \u00fcber deine Benutzung unserer Website<br>werden an einen Server von Google \u00fcbermittelt und dort gespeichert. Server-Standort ist im Regelfall die USA.<\/p>\n\n\n\n<p>Das Setzen von Google-Analytics-Cookies erfolgt auf Grundlage von Art. 6 Abs. 1 lit. f DSGVO. Als Betreiber dieser Website haben wir &nbsp;ein berechtigtes Interesse an der Analyse des Nutzerverhaltens, um unser Webangebot und ggf. auch Werbung zu optimieren.<\/p>\n\n\n\n<p><strong>IP-Anonymisierung<\/strong><\/p>\n\n\n\n<p>Wir setzen Google Analytics in Verbindung mit der Funktion IP-Anonymisierung ein. Sie gew\u00e4hrleistet, dass Google Deine IP-Adresse innerhalb von Mitgliedstaaten der Europ\u00e4ischen Union oder in anderen Vertragsstaaten des Abkommens \u00fcber den Europ\u00e4ischen Wirtschaftsraum vor der \u00dcbermittlung in die USA k\u00fcrzt. Es kann Ausnahmef\u00e4lle geben, in denen Google die volle IP-Adresse an einen Server in den USA \u00fcbertr\u00e4gt und dort k\u00fcrzt. In unserem Auftrag wird Google diese Informationen benutzen, um Deine Nutzung der Website auszuwerten, um Reports \u00fcber Websiteaktivit\u00e4ten zu erstellen und um weitere mit der Websitenutzung und der Internetnutzung verbundene Dienstleistungen gegen\u00fcber uns zu erbringen. Es findet keine Zusammenf\u00fchrung der von Google Analytics \u00fcbermittelten IP-Adresse mit anderen Daten von Google statt.<\/p>\n\n\n\n<p><strong>Browser Plugin<\/strong><\/p>\n\n\n\n<p>Das Setzen von Cookies durch Deinen Webbrowser ist verhinderbar. Einige Funktionen unserer Website k\u00f6nnten dadurch jedoch eingeschr\u00e4nkt werden. Ebenso kannst Du die Erfassung von Daten bez\u00fcglich Ihrer Website-Nutzung einschlie\u00dflich Ihrer IP-Adresse mitsamt anschlie\u00dfender Verarbeitung durch Google unterbinden. Dies ist m\u00f6glich, indem du das \u00fcber folgenden Link erreichbare Browser-Plugin herunterladen und installieren kannst:&nbsp;<a href=\"https:\/\/tools.google.com\/dlpage\/gaoptout?hl=de\" target=\"_blank\" rel=\"noreferrer noopener\">https:\/\/tools.google.com\/dlpage\/gaoptout?hl=de<\/a>.<\/p>\n\n\n\n<p><strong>Widerspruch gegen die Datenerfassung<\/strong><\/p>\n\n\n\n<p>Du kannst die Erfassung Ihrer Daten durch Google Analytics verhindern, indem Du auf folgenden Link klickst. Es wird ein Opt-Out-Cookie gesetzt, der die Erfassung Deiner Daten bei zuk\u00fcnftigen Besuchen unserer Website verhindert: <a href=\"https:\/\/www.cafe-eisele.de\/datenschutzerklaerung\/\">Google Analytics deaktivieren<\/a>.<\/p>\n\n\n\n<p>Einzelheiten zum Umgang mit Nutzerdaten bei Google Analytics findest Du in der Datenschutzerkl\u00e4rung von Google:&nbsp;<a href=\"https:\/\/support.google.com\/analytics\/answer\/6004245?hl=de\" target=\"_blank\" rel=\"noreferrer noopener\">https:\/\/support.google.com\/analytics\/answer\/6004245?hl=de<\/a>.<\/p>\n\n\n\n<p><strong>Google AdSense<\/strong><br>Aktuell verwendet unsere Website kein Google AdSense.<\/p>\n\n\n\n<p><strong>Google AdWords und Google Conversion-Tracking<\/strong><br>Aktuell verwendet unsere Website kein Google AdWords.<\/p>\n\n\n\n<p><strong>Google Web Fonts<\/strong><br>Unsere Website verwendet Web Fonts von Google. Anbieter ist die Google Inc., 1600 Amphitheatre Parkway, Mountain View, CA 94043, USA.<\/p>\n\n\n\n<p>Durch den Einsatz dieser Web Fonts wird es m\u00f6glich dir die von uns gew\u00fcnschte Darstellung unserer Website zu pr\u00e4sentieren, unabh\u00e4ngig davon welche Schriften dir lokal zur Verf\u00fcgung stehen. Dies erfolgt \u00fcber den Abruf der Google Web Fonts von einem Server von Google in den USA und der damit verbundenen Weitergabe Ihre Daten an Google. Dabei handelt es sich um deine IP-Adresse und welche Seite du bei uns besucht hast. Der Einsatz von Google Web Fonts erfolgt auf Grundlage von Art. 6 Abs. 1 lit. f DSGVO. Als Betreiber dieser Website haben wir ein berechtigtes Interesse an der optimalen Darstellung und \u00dcbertragung unseres Webauftritts.<\/p>\n\n\n\n<p>Das Unternehmen Google ist f\u00fcr das us-europ\u00e4ische Datenschutz\u00fcbereinkommen \u201cPrivacy Shield\u201d zertifiziert. Dieses Datenschutz\u00fcbereinkommen soll die Einhaltung des in der EU geltenden Datenschutzniveaus gew\u00e4hrleisten.<\/p>\n\n\n\n<p>Einzelheiten \u00fcber Google Web Fonts findest du unter:&nbsp;<a>https:\/\/www.google.com\/fonts#AboutPlace:about<\/a>&nbsp;und weitere Informationen in den Datenschutzbestimmungen von Google:&nbsp;<a>https:\/\/policies.google.com\/privacy\/partners?hl=de<\/a><\/p>\n\n\n\n<h3 class=\"wp-block-heading\"><strong>Eingebettete Inhalte von anderen Websites<\/strong><\/h3>\n\n\n\n<p>Beitr\u00e4ge auf dieser Website k\u00f6nnen eingebettete Inhalte beinhalten (z.&nbsp;B. Videos, Bilder, Beitr\u00e4ge etc.). Eingebettete Inhalte von anderen Websites verhalten sich exakt so, als ob der Besucher die andere Website besucht h\u00e4tte.<\/p>\n\n\n\n<p>Diese Websites k\u00f6nnen Daten \u00fcber dich sammeln, Cookies benutzen, zus\u00e4tzliche Tracking-Dienste von Dritten einbetten und deine Interaktion mit diesem eingebetteten Inhalt aufzeichnen, inklusive deiner Interaktion mit dem eingebetteten Inhalt, falls du ein Konto hast und auf dieser Website angemeldet bist.<\/p>\n\n\n\n<h2 class=\"wp-block-heading\"><strong>Wie lange wir deine Daten speichern<\/strong><\/h2>\n\n\n\n<p>F\u00fcr Benutzer, die sich auf unserer Website registrieren, speichern wir zus\u00e4tzlich die pers\u00f6nlichen Informationen, die sie in ihren Benutzerprofilen angeben. Alle Benutzer k\u00f6nnen jederzeit ihre pers\u00f6nlichen Informationen einsehen, ver\u00e4ndern oder l\u00f6schen (der Benutzername kann nicht ver\u00e4ndert werden). Administratoren der Website k\u00f6nnen diese Informationen ebenfalls einsehen und ver\u00e4ndern.<\/p>\n\n\n\n<h2 class=\"wp-block-heading\"><strong>Welche Rechte du an deinen Daten hast<\/strong><\/h2>\n\n\n\n<p>Wenn du ein Konto auf dieser Website besitzt oder Kommentare geschrieben hast, kannst du einen Export deiner personenbezogenen Daten bei uns anfordern, inklusive aller Daten, die du uns mitgeteilt hast. Dar\u00fcber hinaus kannst du die L\u00f6schung aller personenbezogenen Daten, die wir von dir gespeichert haben, anfordern. Dies umfasst nicht die Daten, die wir aufgrund administrativer, rechtlicher oder sicherheitsrelevanter Notwendigkeiten aufbewahren m\u00fcssen.<\/p>\n\n\n\n<p>Besucher-Kommentare k\u00f6nnten von einem automatisierten Dienst zur Spam-Erkennung untersucht werden.<\/p>\n\n\n\n<p>Aktuell nutzen wir diese Funktionen nicht!<\/p>\n\n\n\n<h2 class=\"wp-block-heading\"><strong>Daten, die f\u00fcr die Bereitstellung der Website und die Erstellung der Protokolldateien verarbeitet werden<\/strong><\/h2>\n\n\n\n<p>a. Welche Daten werden f\u00fcr welchen Zweck verarbeitet? Bei jedem Zugriff auf Inhalte der Website werden vor\u00fcbergehend Daten gespeichert, die m\u00f6glicherweise eine Identifizierung zulassen. Die folgenden Daten werden hierbei erhoben:<\/p>\n\n\n\n<p>\u2013 Datum und Uhrzeit des Zugriffs<\/p>\n\n\n\n<p>\u2013 IP-Adresse \u2013 Hostname des zugreifenden Rechners<\/p>\n\n\n\n<p>\u2013 Website, von der aus die Website aufgerufen wurde<\/p>\n\n\n\n<p>\u2013 Websites, die \u00fcber die Website aufgerufen werden<\/p>\n\n\n\n<p>\u2013 Besuchte Seite auf unserer Website<\/p>\n\n\n\n<p>\u2013 Meldung, ob der Abruf erfolgreich war<\/p>\n\n\n\n<p>\u2013 \u00dcbertragene Datenmenge<\/p>\n\n\n\n<p>\u2013 Informationen \u00fcber den Browsertyp und die verwendete Version<\/p>\n\n\n\n<p>\u2013 Betriebssystem<\/p>\n\n\n\n<p>Die vor\u00fcbergehende Speicherung der Daten ist f\u00fcr den Ablauf eines Websitebesuchs erforderlich, um eine Auslieferung der Website zu erm\u00f6glichen. Eine weitere Speicherung in Protokolldateien erfolgt, um die Funktionsf\u00e4higkeit der Website und die Sicherheit der informationstechnischen Systeme sicherzustellen. In diesen Zwecken liegt auch unser berechtigtes Interesse an der Datenverarbeitung.<\/p>\n\n\n\n<p>b. Die Daten werden auf der Grundlage des Art. 6 Abs. 1 Buchstabe f DS-GVO verarbeitet.<\/p>\n\n\n\n<p>c. weitere Empf\u00e4nger der personenbezogenen Daten:<\/p>\n\n\n\n<p>Die Website wird bei <em>Webhostone<\/em>&nbsp;GmbH \u00b7&nbsp;<em>WebhostOne<\/em>&nbsp;GmbH. Rheinvogtstra\u00dfe 7. D-79713 Bad S\u00e4ckingen gehostet. Der Hoster empf\u00e4ngt die oben genannten Daten als Auftragsverarbeiter.<\/p>\n\n\n\n<p>d. Die Daten werden gel\u00f6scht, sobald sie f\u00fcr die Erreichung des Zwecks ihrer Erhebung nicht mehr erforderlich sind. Bei der Bereitstellung der Website ist dies der Fall, wenn die jeweilige Sitzung beendet ist. Die Protokolldateien werden bis zu 24 Stunden direkt und ausschlie\u00dflich f\u00fcr Administratoren zug\u00e4nglich aufbewahrt. Danach sind sie nur noch indirekt \u00fcber die Rekonstruktion von Sicherungsb\u00e4ndern verf\u00fcgbar und werden nach vier Wochen endg\u00fcltig gel\u00f6scht.<\/p>\n\n\n\n<p>Betroffenenrechte<\/p>\n\n\n\n<p>a. Du kannst Auskunft nach Art. 15 DS-GVO \u00fcber Deine personenbezogenen Daten verlangen, die wir verarbeiten.<\/p>\n\n\n\n<p>b. Du hast ein Recht auf Widerspruch aus besonderen Gr\u00fcnden (siehe unter Punkt II).<\/p>\n\n\n\n<p>c. Sollten die dich betreffenden Angaben nicht (mehr) zutreffend sein, kannst du diese nach Art. 16 DS-GVO eine Berichtigung verlangen. Sollten deine Daten unvollst\u00e4ndig sein, kannst du eine Vervollst\u00e4ndigung verlangen.<\/p>\n\n\n\n<p>d. Du kannst nach Art. 17 DS-GVO die L\u00f6schung Ihrer personenbezogenen Daten verlangen.<\/p>\n\n\n\n<p>e. Sie haben nach Art. 18 DS-GVO das Recht, eine Einschr\u00e4nkung der Verarbeitung Ihrer personenbezogenen Daten zu verlangen. f. Recht auf Beschwerde: Wenn Sie der Ansicht sind, dass die Verarbeitung Ihrer personenbezogenen Daten gegen Datenschutzrecht verst\u00f6\u00dft, haben Sie nach Ar. 77 Abs. 1 DSGVO das Recht, sich bei einer Datenschutzaufsichtsbeh\u00f6rde eigener Wahl zu beschweren.<\/p>\n\n\n\n<p>Hierzu geh\u00f6rt auch die f\u00fcr den Verantwortlichen zust\u00e4ndige Datenschutzaufsichtsbeh\u00f6rde:<br><strong>Landesdatenschutzbeauftragter Baden-W\u00fcrttemberg<br><\/strong>Email:&nbsp;<a href=\"javascript:linkTo_UnCryptMailto(%27pdlowr-srvwvwhoohCoigl1ezo1gh%27);\">poststelle@lfdi.bwl.de<\/a><br>Telefon:&nbsp;<a href=\"tel:07116155410\">0711 61 55 41-0<\/a>&nbsp;(montags bis freitags von 9 bis 12 Uhr, montags bis donnerstags auch von 14 bis 15:30 Uhr), Telefax:&nbsp;0711\/61 55 41 \u2013 15<br>Postanschrift: Postfach 10 29 32, 70025 Stuttgart<br>Besuchsadresse:&nbsp;<strong>Lautenschlagerstra\u00dfe 20, 70173 Stuttgart<\/strong><br>zur&nbsp;<a rel=\"noreferrer noopener\" href=\"https:\/\/www.baden-wuerttemberg.datenschutz.de\/\" target=\"_blank\">Website<\/a><\/p>\n","protected":false},"excerpt":{"rendered":"<p>Die Adresse unserer Website ist: https:\/\/www.ruder-lenningen.de Informationen \u00fcber die Verarbeitung Ihrer Daten gem\u00e4\u00df Art. 13 der Datenschutz-Grundverordnung (DS-GVO) 1. Verantwortlicher und Datenschutzbeauftragter: Verantwortlich f\u00fcr diese Website ist Viktor Ruder, Kirchheimer Str. 98, 73252 Unterlenningen, Telefon: 0173\/6627191, E-Mail: info@ruder-lenningen.de Cookies Unsere Website verwendet Cookies. Das sind kleine Textdateien, die dein Webbrowser auf deinem Endger\u00e4t speichert. Cookies &hellip; <\/p>\n<p class=\"link-more\"><a href=\"https:\/\/ruder-lenningen.de\/?page_id=3\" class=\"more-link\"><span class=\"screen-reader-text\">\u201eDatenschutzerkl\u00e4rung\u201c <\/span>weiterlesen<\/a><\/p>\n","protected":false},"author":1,"featured_media":0,"parent":0,"menu_order":0,"comment_status":"closed","ping_status":"open","template":"","meta":{"footnotes":""},"class_list":["post-3","page","type-page","status-publish","hentry"],"_links":{"self":[{"href":"https:\/\/ruder-lenningen.de\/index.php?rest_route=\/wp\/v2\/pages\/3","targetHints":{"allow":["GET"]}}],"collection":[{"href":"https:\/\/ruder-lenningen.de\/index.php?rest_route=\/wp\/v2\/pages"}],"about":[{"href":"https:\/\/ruder-lenningen.de\/index.php?rest_route=\/wp\/v2\/types\/page"}],"author":[{"embeddable":true,"href":"https:\/\/ruder-lenningen.de\/index.php?rest_route=\/wp\/v2\/users\/1"}],"replies":[{"embeddable":true,"href":"https:\/\/ruder-lenningen.de\/index.php?rest_route=%2Fwp%2Fv2%2Fcomments&post=3"}],"version-history":[{"count":3,"href":"https:\/\/ruder-lenningen.de\/index.php?rest_route=\/wp\/v2\/pages\/3\/revisions"}],"predecessor-version":[{"id":55,"href":"https:\/\/ruder-lenningen.de\/index.php?rest_route=\/wp\/v2\/pages\/3\/revisions\/55"}],"wp:attachment":[{"href":"https:\/\/ruder-lenningen.de\/index.php?rest_route=%2Fwp%2Fv2%2Fmedia&parent=3"}],"curies":[{"name":"wp","href":"https:\/\/api.w.org\/{rel}","templated":true}]}}